{"id":296,"date":"2018-02-22T00:00:00","date_gmt":"2018-02-22T00:00:00","guid":{"rendered":"http:\/\/marcadet.fr\/blob\/?page_id=296"},"modified":"2018-02-22T00:00:00","modified_gmt":"2018-02-22T00:00:00","slug":"browse-ads","status":"publish","type":"page","link":"http:\/\/marcadet.fr\/blob\/?page_id=296","title":{"rendered":"Browse Ads"},"content":{"rendered":"<div class=\"awpcp-browse-ads awpcp-page\" id=\"classiwrapper\">\n    \n        <div class=\"uiwelcome\">Vous cher\u00adchez un emploi ? Un appar\u00adte\u00adment ? La voi\u00adture de vos r\u00eaves ou un aspi\u00adra\u00adteur ? Par\u00adcou\u00adrez nos petites annonces. Vous ven\u00addez un g\u00e9ra\u00adnium, des boules de p\u00e9tanque ou le trac\u00adteur de votre oncle ? N\u2019h\u00e9sitez pas \u00e0 d\u00e9po\u00adser une annonce sur notre&nbsp;site&nbsp;!<\/div>\n    \n        <div class=\"awpcp-classifieds-search-bar\" data-breakpoints=\"{&quot;tiny&quot;: [0,450]}\" data-breakpoints-class-prefix=\"awpcp-classifieds-search-bar\">\n    <form action=\"http:\/\/marcadet.fr\/blob\/?page_id=297\" method=\"get\">\n                    <input type=\"hidden\" name=\"page_id\" value=\"297\">\n                <input type=\"hidden\" name=\"awpcp-step\" value=\"dosearch\">\n        <div class=\"awpcp-classifieds-search-bar--query-field\">\n            <label class=\"screen-reader-text\" for=\"awpcp-search-query-field\">Recher\u00adcher:<\/label>\n            <input id=\"awpcp-search-query-field\" type=\"text\" name=\"keywordphrase\">\n        <\/div>\n        <div class=\"awpcp-classifieds-search-bar--submit-button\">\n            <input class=\"button\" type=\"submit\" value=\"Recherche\">\n        <\/div>\n        <div class=\"awpcp-classifieds-search-bar--advanced-search-link\"><a href=\"http:\/\/marcadet.fr\/blob\/?page_id=297\">Recherche avan\u00adc\u00e9e <\/a><\/div>\n    <\/form>\n<\/div>\n<ul class=\"awpcp-classifieds-menu awpcp-clearfix\" data-breakpoints=\"{&quot;tiny&quot;: [0,400], &quot;small&quot;: [400,500]}\" data-breakpoints-class-prefix=\"awpcp-classifieds-menu\">\n    <li class=\"awpcp-classifieds-menu--menu-item awpcp-classifieds-menu--post-listing-menu-item\">\n        <a class=\"awpcp-classifieds-menu--menu-item-link button\" href=\"http:\/\/marcadet.fr\/blob\/?page_id=294\">Place Ad<\/a>\n    <\/li>\n    <li class=\"awpcp-classifieds-menu--menu-item awpcp-classifieds-menu--edit-listing-menu-item\">\n        <a class=\"awpcp-classifieds-menu--menu-item-link button\" href=\"http:\/\/marcadet.fr\/blob\/?page_id=293\">Edit Ad<\/a>\n    <\/li>\n    <li class=\"awpcp-classifieds-menu--menu-item awpcp-classifieds-menu--browse-listings-menu-item\">\n        <a class=\"awpcp-classifieds-menu--menu-item-link button\" href=\"http:\/\/marcadet.fr\/blob\/?page_id=296\">Browse Ads<\/a>\n    <\/li>\n    <li class=\"awpcp-classifieds-menu--menu-item awpcp-classifieds-menu--search-listings-menu-item\">\n        <a class=\"awpcp-classifieds-menu--menu-item-link button\" href=\"http:\/\/marcadet.fr\/blob\/?page_id=297\">Search Ads<\/a>\n    <\/li>\n<\/ul>\n    \n    <form class=\"awpcp-category-switcher\" method=\"post\" action=\"http:\/\/marcadet.fr\/blob\/?page_id=296\">\n        <input type=\"hidden\" name=\"offset\" value=\"0\">\n    \n    <div class=\"awpcp-category-dropdown-container\">\n        <label class=\"awpcp-category-dropdown-label\" for=\"awpcp-category-dropdown-6a0425f103f48\">Cat\u00e9\u00adgo\u00adrie&nbsp;:<\/label>\n\n\n<select id=\"awpcp-category-dropdown-6a0425f103f48\" class=\"awpcp-category-dropdown awpcp-dropdown \" name=\"awpcp_category_id\" data-hash=\"6a0425f103f48\" placeholder=\"Toutes les rubriques\" data-auto=\"auto\" style=\"width: 100%\">\n        <option class=\"awpcp-dropdown-placeholder\">Toutes les rubriques<\/option>\n        <option class=\"dropdownparentcategory\" value=\"23\">G\u00e9n\u00e9raux<\/option><\/select>\n\n\n<script type=\"text\/javascript\">var categories_6a0425f103f48 = {\"mode\":\"basic\",\"select2\":{\"containerCssClass\":\"awpcp-category-dropdown-selection\",\"dropdownCssClass\":\"awpcp-category-dropdown-options\",\"allowClear\":true,\"placeholder\":\"Toutes les rubriques\",\"maximumSelectionLength\":100},\"selectedCategoriesIds\":[],\"categoriesHierarchy\":{\"root\":[{\"term_id\":23,\"name\":\"G\\u00e9n\\u00e9raux\",\"slug\":\"generaux\",\"term_group\":0,\"term_taxonomy_id\":23,\"taxonomy\":\"awpcp_listing_category\",\"description\":\"\",\"parent\":0,\"count\":0,\"filter\":\"raw\"}]},\"paymentTerms\":[],\"subcategoryLabel\":\"S\\u00e9lectionnez une sous-rubrique\"};<\/script>\n    <\/div>\n<\/form>\n        \n    <div class=\"awpcp-listings awpcp-clearboth\">\n                    <p>Aucune Annonce n\u2019a \u00e9t\u00e9 trouv\u00e9e.<\/p>\n            <\/div>\n\n            <\/div>\n\n","protected":false},"excerpt":{"rendered":"","protected":false},"author":0,"featured_media":0,"parent":290,"menu_order":0,"comment_status":"closed","ping_status":"closed","template":"","meta":{"wp_typography_post_enhancements_disabled":false,"spay_email":""},"jetpack_shortlink":"https:\/\/wp.me\/PMCnZ-4M","jetpack_sharing_enabled":true,"_links":{"self":[{"href":"http:\/\/marcadet.fr\/blob\/index.php?rest_route=\/wp\/v2\/pages\/296"}],"collection":[{"href":"http:\/\/marcadet.fr\/blob\/index.php?rest_route=\/wp\/v2\/pages"}],"about":[{"href":"http:\/\/marcadet.fr\/blob\/index.php?rest_route=\/wp\/v2\/types\/page"}],"replies":[{"embeddable":true,"href":"http:\/\/marcadet.fr\/blob\/index.php?rest_route=%2Fwp%2Fv2%2Fcomments&post=296"}],"version-history":[{"count":0,"href":"http:\/\/marcadet.fr\/blob\/index.php?rest_route=\/wp\/v2\/pages\/296\/revisions"}],"up":[{"embeddable":true,"href":"http:\/\/marcadet.fr\/blob\/index.php?rest_route=\/wp\/v2\/pages\/290"}],"wp:attachment":[{"href":"http:\/\/marcadet.fr\/blob\/index.php?rest_route=%2Fwp%2Fv2%2Fmedia&parent=296"}],"curies":[{"name":"wp","href":"https:\/\/api.w.org\/{rel}","templated":true}]}}